58?
862
In base 8, what is 22 + -5545?
-5523
In base 6, what is 13540 - -3?
13543
In base 9, what is 4 - 1250?
-1245
In base 6, what is 225 - -1?
230
In base 11, what is -6 - -30?
25
In base 10, what is 57 - -24?
81
In base 5, what is -1214 + 40?
-1124
In base 14, what is -1 - 279?
-27a
In base 13, what is 16 - 38?
-22
In base 7, what is 4 + -12?
-5
In base 11, what is 16464 + 5?
16469
In base 15, what is 4 + 540?
544
In base 13, what is -979 - -1?
-978
In base 13, what is -1a - -34?
17
In base 3, what is 1 + -100210?
-100202
In base 5, what is 134314 + 1?
134320
In base 10, what is -86 + 1?
-85
In base 9, what is -447 - 5?
-453
In base 5, what is -1120410 - 3?
-1120413
In base 9, what is 277 + 0?
277
In base 8, what is 2 - -57?
61
In base 11, what is 346 - -23?
369
In base 5, what is 30 + 21?
101
In base 4, what is 0 + -202132?
-202132
In base 8, what is 10 - -3?
13
In base 8, what is 13 - -3?
16
In base 16, what is 5c - -e?
6a
In base 7, what is -2662 - -6?
-2653
In base 11, what is 19 - 8?
11
In base 8, what is -26 - 220?
-246
In base 2, what is -110010 + 0?
-110010
In base 12, what is 16 + -86?
-70
In base 9, what is -5 - -1842?
1836
In base 12, what is -92 - 1?
-93
In base 3, what is 202101 - 11?
202020
In base 16, what is 7a3 - -4?
7a7
In base 13, what is -114 - 4?
-118
In base 5, what is 132 + 2?
134
In base 12, what is 4 - 37?
-33
In base 3, what is 102002 + -11?
101221
In base 10, what is -19 + -1?
-20
In base 12, what is 109 - -3?
110
In base 12, what is -138 + -4?
-140
In base 4, what is 132003 + 10?
132013
In base 8, what is -7276 + 3?
-7273
In base 15, what is 15 + 19?
2e
In base 8, what is 415 - -10?
425
In base 10, what is 860 - 0?
860
In base 11, what is -21 - -a?
-12
In base 3, what is -1002 - 0?
-1002
In base 4, what is -211131 + 10?
-211121
In base 15, what is 0 - 278?
-278
In base 8, what is 426 + 3?
431
In base 11, what is -5 + a?
5
In base 4, what is 12300 + -3?
12231
In base 12, what is -1b - 8?
-27
In base 11, what is -4 - -24?
20
In base 5, what is -34 - -3?
-31
In base 13, what is 487 + 4?
48b
In base 10, what is -61 - -2?
-59
In base 16, what is b + -10?
-5
In base 12, what is -4 + 1504?
1500
In base 12, what is -3 - 229?
-230
In base 16, what is 5b + -5?
56
In base 2, what is -100 + -101000100001?
-101000100101
In base 12, what is 1 - b9?
-b8
In base 6, what is -135 + 11?
-124
In base 14, what is b04 + 4?
b08
In base 14, what is 3a7 + 1?
3a8
In base 4, what is -1 - -101210?
101203
In base 11, what is 9 + a?
18
In base 5, what is -444 + -1?
-1000
In base 9, what is -14461 - 5?
-14466
In base 15, what is 3d - -9?
47
In base 3, what is 2 - -11221?
12000
In base 10, what is 57 - -12?
69
In base 11, what is -32 - -86?
54
In base 13, what is 2 + -53?
-51
In base 8, what is -64 + -11?
-75
In base 7, what is 1 + 2032?
2033
In base 13, what is 63 - 16?
4a
In base 5, what is 3424 + 0?
3424
In base 16, what is 2 + 2a?
2c
In base 4, what is 2012 - 1?
2011
In base 15, what is -4 - 4?
-8
In base 4, what is -202 + 10?
-132
In base 12, what is -192 - -2?
-190
In base 5, what is 2134 + -2?
2132
In base 7, what is -330 + 1?
-326
In base 3, what is 10 + -10210?
-10200
In base 10, what is 70 + 2?
72
In base 13, what is -3 - b2?
-b5
In base 16, what is 1 + 105b?
105c
In base 9, what is 3 - 14?
-11
In base 16, what is -998 - 3?
-99b
In base 4, what is -1201 + -21?
-1222
In base 12, what is -3320 + 0?
-3320
In base 10, what is -50 - -7?
-43
In base 4, what is 10 - -1202?
1212
In base 2, what is 11000001 - 10?
10111111
In base 14, what is -5 - -21?
1a
In base 16, what is -371 + 2?
-36f
In base 5, what is 1041 - -220?
1311
In base 8, what is -110 - 11?
-121
In base 5, what is -10 + 114?
104
In base 14, what is -1 + -7da?
-7db
In base 2, what is 11010011 + 100?
11010111
In base 15, what is -4 - 546?
-54a
In base 3, what is -122 - -2222?
2100
In base 14, what is -2 + 24?
22
In base 9, what is -7413 + -2?
-7415
In base 2, what is 11100101010 + -11?
11100100111
In base 14, what is 3 + -28?
-25
In base 10, what is 18 + 459?
477
In base 12, what is 6 + 20?
26
In base 11, what is 93 + 1?
94
In base 12, what is -9 - 33?
-40
In base 7, what is 5 - -116?
124
In base 9, what is -106 + -58?
-165
In base 8, what is -7526 - 4?
-7532
In base 5, what is 1012 + 0?
1012
In base 3, what is 100 - -11110?
11210
In base 9, what is -478 + -3?
-482
In base 11, what is 6 + 9?
14
In base 8, what is -72 + 0?
-72
In base 14, what is 16 - 5dc?
-5c6
In base 4, what is -2322 - 3?
-2331
In base 9, what is 108 + -10?
88
In base 8, what is -3 + 221?
216
In base 2, what is -10 - 100110010001?
-100110010011
In base 3, what is -202202 + -11?
-202220
In base 6, what is -2 - 1254?
-1300
In base 12, what is 8 - -28?
34
In base 8, what is 157 - -6?
165
In base 3, what is 10 + 11220?
12000
In base 11, what is 0 + -6?
-6
In base 11, what is -4 + -455?
-459
In base 14, what is -61 - -1a?
-45
In base 13, what is -5 - -13?
b
In base 10, what is -4 + -455?
-459
In base 11, what is -21a - a0?
-30a
In base 10, what is -263 + -3?
-266
In base 13, what is -89 + -1?
-8a
In base 15, what is 23 - 98?
-75
In base 6, what is 4 - -552?
1000
In base 9, what is 67 + -1?
66
In base 6, what is 5 + -305?
-300
In base 10, what is -9 - 76?
-85
In base 14, what is 218 - 3?
215
In base 13, what is b353 + 1?
b354
In base 12, what is -24 - -20?
-4
In base 3, what is -12 + 101110?
101021
In base 7, what is -31 + 3?
-25
In base 12, what is 5 + 2?
7
In base 13, what is -8c6 - -2?
-8c4
In base 6, what is 3544 + 2?
3550
In base 8, what is -10756 + -4?
-10762
In base 14, what is 45 - -62?
a7
In base 9, what is -110 + -26?
-136
In base 4, what is -3 + 301?
232
In base 10, what is 92 - 0?
92
In base 8, what is 314 - 0?
314
In base 8, what is 6 + -4?
2
In base 12, what is 50 + 23?
73
In base 13, what is 62 - -4?
66
In base 14, what is -18 - 1a?
-34
In base 3, what is -2 + 222200?
222121
In base 14, what is -1a70 + -5?
-1a75
In base 3, what is -10000 + -2001?
-12001
In base 3, what is -10 + -10012?
-10022
In base 15, what is -9c - -1?
-9b
In base 5, what is -12 - 112?
-124
In base 15, what is -96 - e?
-a5
In base 11, what is 96 + -2?
94
In base 15, what is 0 - 10?
-10
In base 15, what is -40d0 + 0?
-40d0
In base 8, what is -11 - 1034?
-1045
In base 6, what is 1 - -245?
250
In base 14, what is -144 + 1?
-143
In base 9, what is -322 - 6?
-328
In base 12, what is -b91 - -5?
-b88
In base 9, what is 1 + -37?
-36
In base 6, what is -100033 + -5?
-100042
In base 2, what is -100101010110 + 101?
-100101010001
In base 13, what is -12 + -3c?
-51
In base 14, what is 44 + 6?
4a
In base 5, what is 221431 - 3?
221423
In base 13, what is 26a - 3?
267
In base 12, what is 2b - 304?
-295
In base 15, what is -141 - -5?
-13b
In base 15, what is -2 + -248?
-24a
In base 10, what is -338 - 3?
-341
In base 8, what is 44 - -15?
61
In base 11, what is -10 - -27?
17
In base 6, what is 2 - 5252?
-5250
In base 10, what is -1432 - 10?
-1442
In base 5, what is 10 - 102?
-42
In base 15, what is -2 - 97?
-99
In base 3, what is -12 + -10201201?
-10201220
In base 9, what is 1 - 2250?
-2248
In base 11, what is -1 + -90a?
-910
In base 10, what is 161 - -3?
164
In base 10, what is -468 + -4?
-472
In base 13, what is -5 + 3c5?
3c0
In base 14, what is 184 + -1?
183
In base 2, what is -10 + -111101?
-111111
In base 15, what is -2e + -4?
-33
In base 13, what is 12 - 69?
-57
In base 5, what is 11231 - 1?
11230
In base 12, what is 45 + 3?
48
In base 7, what is -45 - -211?
133
In base 16, what is 4 + 65b?
65f
In base 10, what is 20 - 486?
-466
In base 11, what is -2 + 593?
591
In base 16, what is -20 + -29?
-49
In base 7, what is 2045 - 11?
2034
In base 15, what is -3 - -678?
675
In base 2, what is 10001100 - 101?
10000111
In base 3, what is 2212 + 10?
2222
In base 11, what is -18a - 1?
-190
In base 2, what is 1110101 - 100?
1110001
In base 3, what is 1 + 2222?
10000
In base 16, what is 5 - e?
-9
In base 4, what is -1322020 + -10?
-1322030
In base 9, what is 1 + 4123?
4124
In base 7, what is -132 + -11?
-143
In base 13, what is -2 - -41?
3c
In base 10, what is -5 + -3908?
-3913
In base 12, what is -771 + 2?
-76b
In base 7, what is 15340 - -2?
15342
In base 15, what is -378c + 1?
-378b
In base 3, what is -2020 - 112?
-2202
In base 10, what is -23 + 27?
4
In 